421 a composite number?
True
Is 237863 a prime number?
False
Is 2250397 prime?
True
Is 4617443 composite?
True
Is 34319 a composite number?
False
Is 399397 a composite number?
True
Is 1277 prime?
True
Is 290363 composite?
True
Is 72739 a composite number?
False
Is 20095 a composite number?
True
Is 1201371 a prime number?
False
Is 707633 prime?
True
Is 4714235 a prime number?
False
Is 278261 composite?
False
Is 31883 a prime number?
True
Is 4777 a composite number?
True
Is 260909 composite?
True
Is 3947 a composite number?
False
Is 1538681 a composite number?
True
Is 5123 prime?
False
Is 24155 prime?
False
Is 59035 prime?
False
Is 16138 a prime number?
False
Is 3049 a prime number?
True
Is 22201 a composite number?
True
Is 159949 a prime number?
False
Is 19849 composite?
True
Is 851 prime?
False
Is 153401 composite?
True
Is 33265 a prime number?
False
Is 344939 a prime number?
False
Is 7669 composite?
False
Is 17263 a composite number?
True
Is 461821 prime?
False
Is 183023 composite?
False
Is 2729 composite?
False
Is 26259 prime?
False
Is 1316959 prime?
False
Is 421973 composite?
False
Is 1195007 a composite number?
True
Is 70899 a composite number?
True
Is 321443 prime?
True
Is 76697 composite?
False
Is 465151 prime?
True
Is 20443 composite?
False
Is 10481 prime?
False
Is 6119 a prime number?
False
Is 19949 a prime number?
True
Is 3377 prime?
False
Is 1071109 a composite number?
True
Is 1507 prime?
False
Is 2203 a prime number?
True
Is 3505727 prime?
True
Is 53113 a prime number?
True
Is 46622 a composite number?
True
Is 2122595 composite?
True
Is 203531 prime?
True
Is 593303 prime?
False
Is 248971 a composite number?
False
Is 6731 a prime number?
False
Is 13967 a composite number?
False
Is 787 a prime number?
True
Is 1027261 a prime number?
True
Is 3613 a composite number?
False
Is 399991 a composite number?
True
Is 37307 prime?
True
Is 575153 prime?
True
Is 2227181 composite?
True
Is 12151 composite?
True
Is 1114709 a composite number?
False
Is 394 prime?
False
Is 1259 a prime number?
True
Is 9017 composite?
True
Is 1319 composite?
False
Is 191707 a composite number?
False
Is 2789 a composite number?
False
Is 277195 prime?
False
Is 52169 composite?
True
Is 96637 a composite number?
True
Is 30011 a prime number?
True
Is 294499 a prime number?
True
Is 339883 a prime number?
False
Is 600931 prime?
True
Is 98711 composite?
False
Is 518065 a composite number?
True
Is 51593 a composite number?
False
Is 1357177 prime?
False
Is 187417 a composite number?
False
Is 31303 a composite number?
True
Is 1874 a composite number?
True
Is 910747 composite?
False
Is 8222 a prime number?
False
Is 294103 composite?
False
Is 219841 composite?
True
Is 14693 composite?
True
Is 42386 a composite number?
True
Is 24251 composite?
False
Is 3989 a prime number?
True
Is 8461 a prime number?
True
Is 91771 composite?
False
Is 257531 prime?
False
Is 46169 a composite number?
True
Is 66877 composite?
False
Is 618971 prime?
True
Is 17723 composite?
True
Is 162115 a prime number?
False
Is 437 prime?
False
Is 30145 composite?
True
Is 121855 a composite number?
True
Is 26303 a composite number?
True
Is 232591 a prime number?
True
Is 1075497 a prime number?
False
Is 69593 composite?
False
Is 39251 a composite number?
False
Is 114301 a prime number?
False
Is 16943 composite?
False
Is 2511965 a prime number?
False
Is 11797 prime?
False
Is 1597 composite?
False
Is 227299 prime?
True
Is 34123 a composite number?
False
Is 52795 a composite number?
True
Is 35771 a prime number?
True
Is 1693 a composite number?
False
Is 1600957 a prime number?
True
Is 6769 prime?
False
Is 7061 a composite number?
True
Is 148717 composite?
True
Is 61277 prime?
False
Is 8065 a composite number?
True
Is 15727 prime?
True
Is 444713 a composite number?
False
Is 25999 composite?
False
Is 65213 a composite number?
False
Is 65573 prime?
False
Is 14731 a composite number?
False
Is 177533 composite?
False
Is 7103 composite?
False
Is 8707 prime?
True
Is 29741 a composite number?
False
Is 24127 a composite number?
True
Is 3659 a prime number?
True
Is 3359 composite?
False
Is 18967 a prime number?
False
Is 404671 prime?
True
Is 1577 composite?
True
Is 244609 a composite number?
True
Is 199765 a prime number?
False
Is 27217 composite?
True
Is 209563 composite?
False
Is 501911 prime?
True
Is 497611 composite?
True
Is 1773773 a composite number?
True
Is 3687 a composite number?
True
Is 57367 a prime number?
True
Is 551873 a prime number?
False
Is 401619 prime?
False
Is 170593 composite?
True
Is 2777 a composite number?
False
Is 949687 a prime number?
True
Is 515219 prime?
False
Is 27149 composite?
True
Is 273773 a composite number?
False
Is 256847 composite?
True
Is 16619 prime?
True
Is 177545 a composite number?
True
Is 6031 prime?
False
Is 525839 composite?
False
Is 34241 a composite number?
True
Is 443519 a composite number?
True
Is 452983 a prime number?
True
Is 48947 a prime number?
True
Is 36821 prime?
True
Is 100915 a prime number?
False
Is 73411 a composite number?
True
Is 2999 a composite number?
False
Is 57037 composite?
False
Is 249017 a composite number?
False
Is 191 a prime number?
True
Is 122471 a prime number?
True
Is 21269 prime?
True
Is 16753 a composite number?
True
Is 88233 composite?
True
Is 14503 prime?
True
Is 9941 composite?
False
Is 633 a composite number?
True
Is 161479 composite?
True
Is 83833 prime?
True
Is 1124551 prime?
True
Is 166033 prime?
False
Is 163099 prime?
False
Is 80309 prime?
True
Is 1295027 prime?
True
Is 17291 a prime number?
True
Is 20993 composite?
True
Is 28451 a composite number?
True
Is 8363 composite?
False
Is 221147 composite?
True
Is 5003 a prime number?
True
Is 147263 composite?
False
Is 134023 a composite number?
True
Is 26031 a composite number?
True
Is 222931 composite?
False
Is 42979 a prime number?
True
Is 14527 a prime number?
False
Is 2386 prime?
False
Is 87067 a composite number?
True
Is 94201 a prime number?
True
Is 2551 composite?
False
Is 6547 prime?
True
Is 100787 a prime number?
True
Is 141437 a prime number?
False
Is 12601 prime?
True
Is 3494 composite?
True
Is 4841 composite?
True
Is 18529 composite?
True
Is 30565 composite?
True
Is 5815 prime?
False
Is 3691 composite?
False
Is 9293 a composite number?
False
Is 2599397 composite?
False
Is 765591 prime?
False
Is 156773 prime?
False
Is 4591 prime?
True
Is 802643 composite?
False
Is 1168753 a prime number?
False
Is 6689 composite?
False
Is 908993 composite?
False
Is 179981 a composite number?
False
Is 2417215 a prime number?
False
Is 587 a composite number?
False
Is 31555 a prime number?
False
Is 2342 composite?
True
Is 1361 a composite number?
False
Is 3090641 a composite number?
False
Is 59973 composite?
True
Is 14597 prime?
False
Is 14902 a prime number?
False
Is 1232029 composite?
True
Is 6697 composite?
True
Is 27611 a composite number?
False
Is 14698 a composite number?
True
Is 3833777 a composite number?
False
Is 12499 prime?
False
Is 1590647 prime?
False
Is 500471 a composite number?
False
Is 1903 composite?
True
Is 5234431 a composite number?
False
Is 9227 prime?
True
Is 860671 prime?
False
Is 1011419 a composite number?
True
Is 16729 composite?
False
Is 13295 a prime number?
False
Is 31109 prime?
False
Is 85661 a composite number?
False
Is 50207 a prime number?
True
Is 78479 a prime number?
True
Is 91747 prime?
False
Is 367819 a prime number?
True
Is 821819 prime?
True
Is 56617 a prime number?
False
Is 3181205 a composite number?
True
Is 87521 prime?
False
Is 14621 composite?
False
Is 32069 prime?
True
Is 2453 a prime number?
False
Is 45751 a prime number?
True
Is 3288677 a prime number?
False
Is 98281 a prime number?
False
Is 10537 a prime number?
False
Is 3497 composite?
True
Is 1187681 a prime number?
False
Is 42131 composite?
False
Is 6449 composite?
False
Is 154777 a prime number?
False
Is 4169 prime?
False
Is 129782 prime?
False
Is 5127 a prime number?
False
Is 23237 a composite number?
True
Is 236821 a prime number?
False
Is 5721635 prime?
False
Is 3425095 a composite number?
True
Is 13799 composite?
False
Is 36653 a prime number?
True
Is 131203 composite?
False
Is 279073 prime?
True
Is 3697 prime?
True
Is 835531 a composite number?
False
Is 85069 a composite number?
True
Is 178171 comp